 be 84/(-20)*(-20)/12. Let w be 97/d - -3*(-5)/(-105). Calculate the greatest common divisor of w and 14.
14
Suppose -33 = g - 4*g. Suppose 4*m - r = -141, -35 = 4*m + r + 96. Let i = m - -89. What is the greatest common divisor of g and i?
11
Let u(q) = 8*q**3 + q**2 + q - 2. Let i be u(2). Let s be 1/(6/8)*(313 + -310). Calculate the highest common divisor of i and s.
4
Suppose -3*l - 4*o + 2944 = -0*l, -4930 = -5*l + 5*o. Calculate the highest common divisor of l and 14514.
246
Let x(c) = -c**3 - c**2 + 3*c - 9. Let y be (6/(-4))/((-9)/(-12)). Let k be (24 + -12)*y/6. Let q be x(k). Calculate the greatest common divisor of q and 9.
9
Let f be -3 + 2 - 103290/(-110). Calculate the highest common divisor of 201 and f.
67
Let x = -14478 + 14502. Let g be 0 - -1 - (-6 - -2). Suppose -89 + 35 = -a - 2*s, g*a = 2*s + 306. Calculate the greatest common factor of x and a.
12
Let p = -144 + 158. Suppose -2*j + p = -18. Calculate the highest common factor of 4 and j.
4
Let q(k) = -7*k + 1. Let g be q(-1). Suppose -11*f = g*f - 456. What is the greatest common divisor of 3 and f?
3
Let i(p) = -2*p**2 - 25*p - 8. Suppose -10 = 9*o + 80. Let a be i(o). Calculate the highest common factor of a and 294.
42
Let t(k) = 291*k + 3298. Let z be t(42). Calculate the highest common divisor of 5 and z.
5
Suppose -5*o - 1070 = -3*v + 615, -5*o = -13*v + 7285. What is the highest common factor of 1600 and v?
80
Suppose 124 = 2*p + 2*x, 6*p - x - x = 356. Let m be ((-4)/3)/(-3 - 1024/(-342)). What is the greatest common divisor of m and p?
12
Suppose 4*k - 3*h = -120, -k - 4*h - 148 = 3*k. Let v = k - 8. Let a = 65 + v. What is the greatest common factor of a and 60?
12
Let k = -83 + 86. Let j be 252*k*3/9. Calculate the highest common divisor of 36 and j.
36
Suppose 0 = -5082*f + 5086*f - 432. What is the greatest common factor of 1107 and f?
27
Let p = 600 + -592. Calculate the greatest common divisor of p and 232.
8
Let r(y) = -126*y + 834. Let h be r(6). Calculate the greatest common factor of 2769 and h.
39
Let g(t) = -19*t + 194. Let u be g(8). Suppose u*m - 36*m = 2886. Calculate the highest common divisor of m and 13.
13
Let m = -2127 + 2129. Let g(j) = -6*j - 1. Let k be g(-1). Suppose -3*n = -5*b - 6*n + 5, k*n - 5 = -5*b. Calculate the greatest common factor of m and b.
1
Suppose 400 + 2360 = 10*p. Let g = p - 246. Let f(o) = o**3 + 7*o**2 + 4*o - 6. Let a be f(-6). What is the greatest common factor of g and a?
6
Let f = 1809 - 1617. Calculate the greatest common factor of 348 and f.
12
Suppose 50*a = 17*a + 18612. What is the highest common divisor of 12 and a?
12
Let k(t) be the third derivative of 23*t**4/24 + t**3/3 + 15*t**2. Let f be k(-3). Let s = f + 106. Calculate the greatest common divisor of s and 13.
13
Let r(w) = -w**3 - 3*w**2 + 3*w + 14. Suppose 0 = -3*k - 3*y - 6, k - 5*y + 24 - 16 = 0. Let u be r(k). What is the greatest common divisor of u and 80?
5
Let r = 6168 + -5938. What is the greatest common divisor of 782 and r?
46
Let l = -5615 + 5629. Calculate the greatest common divisor of l and 301.
7
Let s(a) = -26*a**3 - a**2 - 2*a + 1. Let c be s(-1). Calculate the highest common factor of 6986 and c.
14
Suppose -270 - 506 = -50*q + 724. Let l = 1978 - 1408. Calculate the highest common factor of q and l.
30
Let m(j) = -4*j + 1 + 2*j + 6*j + 5. Let s be m(4). Calculate the greatest common factor of s and 88.
22
Suppose 5 = -3*k - 7, 36 = 4*r - 5*k. Suppose 3*g + r*g = 168. Calculate the greatest common divisor of g and 360.
24
Suppose -266*u + 246*u + 5040 = 0. Calculate the highest common factor of 189 and u.
63
Suppose -1092 = -2*m + 448. Suppose 2*f + 12*f - m = 0. Suppose -p = 3*j + j - f, 3*p = -5*j + 74. What is the greatest common divisor of 169 and j?
13
Suppose 4*z = 6*z - 94. Suppose 2*p - 38 = 2*w, 4*w = 3*p + 6*w - z. Let h = -32 - -117. Calculate the greatest common factor of p and h.
17
Suppose -118*u + 168 = -111*u. Calculate the greatest common factor of u and 324.
12
Let k be 124 - ((-4)/9 + (-2891)/(-531)). Calculate the highest common factor of k and 182.
7
Suppose -5034 = -51*t - 3810. What is the highest common factor of 150 and t?
6
Let i(g) = -g + 9. Let l be i(-4). Let c be (64/7)/4 - (-14)/(-49). What is the greatest common factor of c and l?
1
Suppose -625*u - 132 = -631*u. Let d(x) = x**2 - 6*x + 82. Let b be d(u). What is the highest common factor of 93 and b?
31
Let r be ((-268)/10)/((-117)/2925). What is the greatest common factor of r and 6968?
134
Let x(f) = 2*f**3 + 11*f**2 + f - 5. Let a be x(-4). Let o(r) = -r**3 + 9*r**2 + 10*r + 1. Let j be o(9). What is the highest common divisor of a and j?
13
Suppose 8*o = 19*o - 6072. Let x be o/(7 - 13)*(-38)/8. What is the greatest common divisor of x and 19?
19
Let p(u) = -u**3 - 8*u**2 - 8*u - 1. Let x be p(-7). Let i be 2 - (-18)/(-3) - x. Let h be 25/10*8/i*-6. Calculate the greatest common factor of 60 and h.
12
Let x = 583 - 453. What is the highest common divisor of x and 832?
26
Let g be 8*(1 + -1 + 7). What is the greatest common factor of g and 400?
8
Let x be (108 + -103)*4039/10 - 7/2. What is the greatest common factor of x and 378?
126
Suppose 5*w + t = 989, 14*t = 18*t - 16. What is the highest common divisor of 2 and w?
1
Let m = -84 + 97. Suppose -f + 20 = m. Suppose 58 = f*g - 47. What is the highest common factor of g and 135?
15
Let r(o) = -5*o - 9. Let s be r(-15). Let t(q) = -111*q**3 - 9*q**2 - 11*q - 3. Let z be t(-1). Calculate the greatest common divisor of s and z.
22
Let v(g) = g**2 - 3*g + 5. Let x be v(2). Let w be ((-16)/x - -4)*(-12 + 3). What is the highest common factor of w and 12?
12
Suppose -3*a + 2*g - 4 = -5*a, 2*a + 4*g = 0. Let p(s) = -127*s + 3109. Let v be p(23). Calculate the greatest common divisor of v and a.
4
Suppose 3337*x - 3345*x + 19224 = 0. Calculate the greatest common divisor of 27 and x.
27
Let f(b) = b**3 + 37. Let d be f(0). Suppose 42*j - d*j = 330. Suppose 69*n - 102 = j*n. What is the highest common divisor of n and 17?
17
Suppose 2*i - 4*i = -3*v + 73, -5*i + 2*v = 199. Let f = -17 - i. Let o = f + -10. What is the greatest common factor of o and 56?
14
Let b = -19804 - -19809. Let z be ((-9)/6)/(2/(-20)). Calculate the highest common divisor of z and b.
5
Let v = 140 - 133. Suppose -33*g + 1300 = -v*g. What is the highest common divisor of g and 80?
10
Suppose 8*t - 3*t = -5. Let s be 3 + 10/(6 + t). Calculate the highest common factor of 85 and s.
5
Suppose 29391 = 39*m - 28641. Calculate the highest common divisor of m and 1240.
248
Let r = -41 - -57. Let l = -1329 - -1389. Calculate the greatest common divisor of r and l.
4
Let z(n) = 6*n**2 - 44*n + 142. Let o be z(3). Calculate the highest common divisor of 6176 and o.
32
Let f = 12931 - 7029. What is the highest common divisor of f and 26?
26
Let o = 10 + -11. Let i be o*((-6)/(-12))/(2/(-28)). Suppose -x - 5 = -4*t, t - 6 = -x + 4. What is the greatest common factor of i and x?
7
Suppose -94*l + 1148 = -12*l. Calculate the greatest common divisor of 161 and l.
7
Let w = -53 + 43. Let i be (6 - (-36)/w)*(-210)/(-4). Suppose 3*g = 12*g - i. What is the greatest common factor of g and 154?
14
Suppose 100*w - 15378 - 737 - 3085 = 0. What is the highest common factor of w and 324?
12
Let j be 1/((6 - 4)/4). Suppose 0 = -j*z - g - 19, -z - 40 = 4*z + g. Let c = 15 + z. Calculate the greatest common factor of c and 72.
8
Let n = 7824 - 6665. Calculate the highest common factor of n and 183.
61
Let v = -3554 - -4400. Calculate the greatest common divisor of 235 and v.
47
Let o = 117 - -11. Let b = -1607 - -1716. Let y = o - b. What is the highest common divisor of 1 and y?
1
Suppose 2*r + 8 = f + 175, 0 = -r + 4*f + 59. What is the highest common factor of 7047 and r?
87
Let i(m) = 4*m**2 - 8*m + 11. Let r be i(2). Let y = r - -9. Calculate the highest common factor of 80 and y.
20
Let o = -8927 - -9023. Let j = 615 + -375. What is the greatest common divisor of o and j?
48
Let s(v) = 116*v + 1645. Let i be s(-14). What is the greatest common divisor of i and 1183?
7
Let l = 149 + 1. Suppose 36 - 48 = 2*v, -48 = -3*n + 5*v. Calculate the greatest common factor of l and n.
6
Suppose 36*b + 71*b - 310908 = 81*b. Calculate the highest common factor